n + m. What is the tens digit of n?
4
Suppose 5*g - 2*k - 2186 = -308, -g + 2*k = -374. Suppose -3*v = 2*u - g, -u + 322 = 5*v - 293. What is the tens digit of v?
2
Suppose 52 + 53 = 21*r. What is the hundreds digit of (-2690)/r*(45/6)/(-3)?
3
Let u(h) = 36*h - 73 + 20*h - 70*h + 29*h. What is the tens digit of u(14)?
3
Suppose -2*v + 28 = 3*o, 47 = 5*o + v + 12. What is the tens digit of 2/(-9) - (o - (-29939)/(-63))?
6
Let j(k) = -159*k - 512. Let d be j(-4). Suppose 5*w - 422 = -4*p, 5*w - 6*p + p = 395. Suppose -w - d = -2*n. What is the hundreds digit of n?
1
Let s(r) = -171*r - 94. What is the tens digit of s(-13)?
2
Let p(h) = -2*h**2 - 25*h - 65. Let m be p(-8). Suppose -4*w + 3961 = -m*d + 6*d, 3*w = 4*d + 2987. What is the tens digit of w?
8
Suppose -4*s + s + 6 = 0. Suppose -2*v - 5*a = -11, s*a = 3*v - 2*a - 51. What is the units digit of (v/4)/((-2)/(-24))?
9
What is the units digit of (-472552)/(-20) - (17 - 174/10)?
8
What is the ten thousands digit of (-362061)/(-35) + 128/(-80)?
1
Suppose 2*b = -11*w + 7*w + 3838, -2*w + 1891 = 5*b. What is the units digit of w?
3
Suppose -10*h - 6308 = -13*h + n, -5*h - 2*n = -10495. What is the thousands digit of h?
2
Let j = 137 - 185. What is the hundreds digit of ((-69)/(-4))/((-196)/j - 4)?
2
Let u = 24467 - 5143. What is the tens digit of u?
2
Suppose -88 = -2*q + 142. Suppose -23 = -i - q. Let a = i - -207. What is the tens digit of a?
1
Suppose 2*s + 15274 = 9*s. Suppose 5*y - s = -f, -3*y + 2*f + 1323 = -2*f. What is the tens digit of y?
3
What is the tens digit of (-463770)/60*(-4)/6?
5
Suppose -3*h - 1539 = -1647. What is the units digit of h?
6
Suppose 3*n - 4*d - 1384 = -217, 3*n - 1167 = 3*d. Let b = 256 - n. Let r = -92 - b. What is the units digit of r?
1
Suppose 0 = -15*v + 13*v + 2008. Let a = -694 + v. Let n = a + -88. What is the units digit of n?
2
Let s(j) = -18*j**3 - 3*j**2 + 8*j + 149. What is the hundreds digit of s(-10)?
7
Suppose -5*v = -2*a + 3193, -81*v - 6331 = -4*a - 82*v. What is the tens digit of a?
8
Let h(z) = 10677*z - 5737. What is the tens digit of h(3)?
9
Suppose -3*w - 147995 = -5*h, -2*h = h + 5*w - 88831. What is the tens digit of h?
0
Let u be (18/6)/(1/(-27)). Let c = 151 + u. What is the units digit of 2 - (4/(-4)*-1 - c)?
1
Let g = -2407 + 13541. What is the units digit of g?
4
Let v(c) = 165*c**3 + 11*c**2 - 6*c - 8. Let y(h) = 83*h**3 + 6*h**2 - 3*h - 4. Let t(x) = -6*v(x) + 11*y(x). What is the units digit of t(-1)?
8
Let y = 19139 + -12578. What is the tens digit of y?
6
Suppose 12 = -6*r + 10*r. Suppose -r*k - 3*j - 21 = 0, 0 = -2*k - 2*j + 3*j + 1. What is the tens digit of 8/6*(255/6 + k)?
5
Suppose 7*n = -10 - 4. Let o(c) = -22*c**3 - 5*c - 3. What is the tens digit of o(n)?
8
Let h(k) = 512*k**2 + 429*k + 3057. What is the hundreds digit of h(-7)?
1
Suppose 3*x = -148*w + 152*w - 18505, x + 9255 = 2*w. What is the thousands digit of w?
4
Suppose 4*b = -2*t + 94818, -t = 16*b - 15*b - 47414. What is the hundreds digit of t?
4
Let n(c) = -c**2 + 4*c + 11. Let l be n(7). Let o be l + (-1 - (-2 - -3)). Let m(p) = 2*p**2 + 9*p - 27. What is the hundreds digit of m(o)?
1
Suppose 0 = -k + 2, -4*t - 227*k + 1830 = -226*k. What is the units digit of t?
7
Let p = -12 + 20. Suppose -3*o - 1050 = -p*o. Suppose -3*t + 127 = 4*c, 5*t + 3*c - o = -2*c. What is the units digit of t?
1
Let y(k) = 219*k + 21. Let o = 310 + -306. What is the units digit of y(o)?
7
Suppose -185937 = -12*x + 23883. What is the tens digit of x?
8
Suppose 4*p + 8 = 4*t, 0 = -t + p + 2*p - 2. What is the hundreds digit of (6/t)/(0 + (-15)/(-1070))?
1
Let d(v) = -v**3 - 24*v**2 + 3*v + 75. Let n be d(-24). What is the hundreds digit of -591*(4 + (-13)/n)?
1
Let y(l) = 334*l**2 + 1. Let v be y(3). Let n = v + -1995. What is the tens digit of 3/(-21) - n/(-28)?
3
Let f(j) = 41*j**2 - 48*j + 389. Let z(d) = -20*d**2 + 23*d - 194. Let h(y) = -6*f(y) - 13*z(y). What is the tens digit of h(9)?
2
Suppose g - 1378 = -g + g. What is the tens digit of g?
7
Suppose 3*h + 37859 - 221069 = -5*v, 3*v = -4*h + 109915. What is the units digit of v?
5
Let o = 23406 + -12901. What is the units digit of o?
5
Suppose -3*g + 0*p = -3*p - 6, 8 = 4*g - p. Suppose h + 18 = 4*x - 8, -g*h - 17 = -x. What is the hundreds digit of (3*(-26)/h)/((-3)/(-63))?
2
Suppose -2*r + 115 + 1 = 0. Let q be (15 + -3)*(13 - 1)/(-3). Let h = q + r. What is the units digit of h?
0
Suppose -8*q = 54 + 90. What is the units digit of 1182/9*q/(-4)?
1
Let j(n) = 29*n**2 + 17*n + 17. Let h be j(4). Suppose -h*l + 11220 = -543*l. What is the hundreds digit of l?
8
Let g(q) = -q**3 - 7*q**2 - 2*q - 1. Let v = -26 + 19. Let p be g(v). Let o(l) = l**2 - 13*l + 30. What is the units digit of o(p)?
0
Let t = 108931 - 69989. What is the tens digit of t?
4
Let i = -4225 + 7653. What is the units digit of i/22 + (-72)/(-396)?
6
Let f = 4136 - -12520. What is the hundreds digit of f?
6
Suppose -644*u + 4064574 + 12612942 = -4748364. What is the ten thousands digit of u?
3
Let p be 4/2*6/8*-20. Let y be ((-1280)/p)/(2/753). What is the units digit of y/80 - 2/(-10)?
1
Suppose 0 = -234*c + 237*c - 4*q - 116378, -c + 5*q = -38789. What is the ten thousands digit of c?
3
Suppose -16*c + 80288 = 10*c. Suppose -10*t - 6*t + c = 0. What is the tens digit of t?
9
Let l(g) = 492*g - 690. What is the units digit of l(13)?
6
Let n(r) = -4*r**3 + 25. Let j be n(0). Suppose 3*q - 3*m - 23 = 736, 5*m = j. What is the units digit of q?
8
Suppose 3*j = 3*i - 28794, 3*i - 85*j - 28794 = -90*j. What is the hundreds digit of i?
5
Let a = 1028 + -40. Let s = a - 566. What is the tens digit of s?
2
Suppose -4*q + 112 + 24 = 0. Let k = 180 + q. Let a = k - 61. What is the tens digit of a?
5
Suppose -2*p + 1118*y + 27201 = 1121*y, 4*y + 13562 = p. What is the tens digit of p?
9
Let i(m) = 419*m - 1621. What is the tens digit of i(13)?
2
Suppose 141*c - 493462 - 148898 = -61*c. What is the thousands digit of c?
3
Let m(x) = -363*x - 1053. What is the tens digit of m(-9)?
1
Suppose 0*i = 6*i - 576. Suppose -b + 43 = 4*l, -5*b + 137 + i = 2*l. Let o = b + -11. What is the units digit of o?
6
What is the thousands digit of (-6)/(-5) - ((-122994)/(-36))/((-10)/32)?
0
Let x(m) = m**3 - 89*m**2 + 208*m - 193. What is the units digit of x(88)?
7
Let o = -84 - -78. Let k(p) = 10*p**2 + 6*p - 37. What is the units digit of k(o)?
7
Let q be 824/12*((-4)/8 + 2). Let h = 84 + -154. Let z = q + h. What is the tens digit of z?
3
Suppose 3*s = 5*s - 182. Let u be -6*(-22)/28 + 26/s. Suppose 2*d - y - 265 = 0, -u*y + 131 = d - 4*y. What is the hundreds digit of d?
1
Suppose -28362 + 10194 = -2*w - 2*s, 0 = -2*s. What is the units digit of w?
4
Let w = 97 + -94. Suppose -1043 = -w*r + d, -r = d - 43 - 298. What is the units digit of r?
6
Let i(d) = -d + 1. Let q be i(-9). What is the tens digit of (q/(-13))/(-5) + 438/26?
1
Suppose -5*t + 22 + 110 = 2*i, 5*t - 131 = -i. Suppose 3712 + 6558 = t*g. What is the hundreds digit of g?
3
Let i = -587 - -598. Let s = -92 - -41. Let x = i - s. What is the tens digit of x?
6
Let q = 15 - -560. Suppose 2*h - 423 = q. What is the units digit of h?
9
Let o = 4043 + -765. What is the hundreds digit of o?
2
Let i be (2*18/14)/(3/14). Suppose u = i + 3. Suppose 10*l - 15 = u. What is the units digit of l?
3
Suppose -46840 = -2*h + 2*n, -88*h + 23416 = -87*h + 3*n. What is the hundreds digit of h?
4
Let b = -2460 - -5435. Let q = -1431 + b. What is the hundreds digit of q?
5
Let a be 2/14 - 18/(-21). Suppose 0 = 4*n - a + 9. What is the units digit of n/((-244)/(-252) - 1)?
3
Let h(m) = -m**2 - 22*m - 10. Suppose 0 = 3*u + 5*u - 448. Suppose 43 = -11*n - u. What is the units digit of h(n)?
7
Let h = 45450 + -44849. What is the tens digit of h?
0
Suppose 31 = -5*m + 191. Let k = 2529 - 2520. Let z = k + m. What is the units digit of z?
1
Let s(l) = -5*l + 23. Let d be s(4). Let j be -1*(-18)/d*(-10)/(-15). Suppose 2*a + j*c = -164 + 658, -3*a - c = -731. What is the tens digit of a?
4
Let i(u) = -u**3 + 19*u**2 - 12*u + 39. Let o(t) = -2*t**3 - 41*t**2 + 19*t - 24. Let l be o(-21). What is the hundreds digit of i(l)?
1
Let j(p) = p**3 - 20*p**2 - 312*p - 22. What is the tens digit of j(38)?
1
Let k(p) = 24*p**2 + 2*p + 2. Let c be k(-1). L